{"id":79,"date":"2021-12-13T15:41:27","date_gmt":"2021-12-13T15:41:27","guid":{"rendered":"https:\/\/kadence.pixel-show.com\/wooden-craft\/?post_type=product&#038;p=79"},"modified":"2026-01-24T22:39:44","modified_gmt":"2026-01-24T22:39:44","slug":"entrada-chacara-dos-magalhaes-guapiacu-sp","status":"publish","type":"product","link":"https:\/\/mfmagalhaes.com.br\/localparaevento\/acomodacoes\/entrada-chacara-dos-magalhaes-guapiacu-sp\/","title":{"rendered":"Entrada"},"content":{"rendered":"<p>Para reconhecimento do local (entrada da <a href=\"http:\/\/localparaevento.com.br\">Ch\u00e1cara dos Magalh\u00e3es<\/a>) utilize esta imagem, assim voc\u00ea saber\u00e1 se <a href=\"https:\/\/www.google.com\/maps\/place\/Ch%C3%A1cara+dos+Magalh%C3%A3es\/@-19.7515991,-49.2144268,523713m\/data=!3m1!1e3!4m10!1m2!2m1!1schacara+dos+magalh%C3%A3es!3m6!1s0x94bc4fb3b7401b85:0x198db8c222673fa2!8m2!3d-20.7730306!4d-49.214853!15sChZjaGFjYXJhIGRvcyBtYWdhbGjDo2VzWhgiFmNoYWNhcmEgZG9zIG1hZ2FsaMOjZXOSARhob2xpZGF5X2FwYXJ0bWVudF9yZW50YWyaASNDaFpEU1VoTk1HOW5TMFZKUTBGblNVTXlYM0V6UWtOUkVBReABAPoBBAgAEDA!16s%2Fg%2F11rsphdbgb?entry=ttu&amp;g_ep=EgoyMDI2MDEyMS4wIKXMDSoKLDEwMDc5MjA2OUgBUAM%3D\" target=\"_blank\" rel=\"noopener\">chegou<\/a> na entrada correta. A principal caracter\u00edstica \u00e9 o pinheiro com 5 metros de altura em frente a sede.<\/p>\n","protected":false},"excerpt":{"rendered":"<p>Imagem da entrada da <a href=\"http:\/\/localparaevento.com.br\">Ch\u00e1cara dos Magalh\u00e3es<\/a>, utilizada para facilitar o reconhecimento do <a href=\"https:\/\/www.google.com\/maps\/place\/Ch%C3%A1cara+dos+Magalh%C3%A3es\/@-19.7515991,-49.2144268,523713m\/data=!3m1!1e3!4m10!1m2!2m1!1schacara+dos+magalh%C3%A3es!3m6!1s0x94bc4fb3b7401b85:0x198db8c222673fa2!8m2!3d-20.7730306!4d-49.214853!15sChZjaGFjYXJhIGRvcyBtYWdhbGjDo2VzWhgiFmNoYWNhcmEgZG9zIG1hZ2FsaMOjZXOSARhob2xpZGF5X2FwYXJ0bWVudF9yZW50YWyaASNDaFpEU1VoTk1HOW5TMFZKUTBGblNVTXlYM0V6UWtOUkVBReABAPoBBAgAEDA!16s%2Fg%2F11rsphdbgb?entry=ttu&amp;g_ep=EgoyMDI2MDEyMS4wIKXMDSoKLDEwMDc5MjA2OUgBUAM%3D\" target=\"_blank\" rel=\"noopener\">local<\/a>. Seja bem vindo.<\/p>\n","protected":false},"featured_media":1367,"comment_status":"closed","ping_status":"closed","template":"","meta":{"pagelayer_contact_templates":[],"_pagelayer_content":"","_kadence_starter_templates_imported_post":true,"_kad_post_transparent":"default","_kad_post_title":"","_kad_post_layout":"default","_kad_post_sidebar_id":"","_kad_post_content_style":"default","_kad_post_vertical_padding":"default","_kad_post_feature":"","_kad_post_feature_position":"","_kad_post_header":false,"_kad_post_footer":false,"_kad_post_classname":""},"product_brand":[],"product_cat":[19],"product_tag":[],"class_list":{"0":"post-79","1":"product","2":"type-product","3":"status-publish","4":"has-post-thumbnail","6":"product_cat-acomodacoes","8":"first","9":"instock","10":"shipping-taxable","11":"product-type-simple","12":"entry","13":"content-bg","14":"loop-entry"},"yoast_head":"<!-- This site is optimized with the Yoast SEO plugin v27.2 - https:\/\/yoast.com\/product\/yoast-seo-wordpress\/ -->\n<title>Entrada - Ch\u00e1cara dos Magalh\u00e3es<\/title>\n<meta name=\"description\" content=\"A entrada da Ch\u00e1cara dos Magalh\u00e3es \u00e9 um convite para usufruir da natureza do local, com diversidade de aves ex\u00f3ticas e um ambiente prop\u00edcio para relaxar\" \/>\n<meta name=\"robots\" content=\"index, follow, max-snippet:-1, max-image-preview:large, max-video-preview:-1\" \/>\n<link rel=\"canonical\" href=\"https:\/\/mfmagalhaes.com.br\/localparaevento\/acomodacoes\/entrada-chacara-dos-magalhaes-guapiacu-sp\/\" \/>\n<meta property=\"og:locale\" content=\"pt_BR\" \/>\n<meta property=\"og:type\" content=\"article\" \/>\n<meta property=\"og:title\" content=\"Entrada - Ch\u00e1cara dos Magalh\u00e3es\" \/>\n<meta property=\"og:description\" content=\"A entrada da Ch\u00e1cara dos Magalh\u00e3es \u00e9 um convite para usufruir da natureza do local, com diversidade de aves ex\u00f3ticas e um ambiente prop\u00edcio para relaxar\" \/>\n<meta property=\"og:url\" content=\"https:\/\/mfmagalhaes.com.br\/localparaevento\/acomodacoes\/entrada-chacara-dos-magalhaes-guapiacu-sp\/\" \/>\n<meta property=\"og:site_name\" content=\"Ch\u00e1cara dos Magalh\u00e3es\" \/>\n<meta property=\"article:modified_time\" content=\"2026-01-24T22:39:44+00:00\" \/>\n<meta property=\"og:image\" content=\"https:\/\/mfmagalhaes.com.br\/localparaevento\/wp-content\/uploads\/2026\/01\/entrada.jpeg\" \/>\n\t<meta property=\"og:image:width\" content=\"1600\" \/>\n\t<meta property=\"og:image:height\" content=\"900\" \/>\n\t<meta property=\"og:image:type\" content=\"image\/jpeg\" \/>\n<meta name=\"twitter:card\" content=\"summary_large_image\" \/>\n<meta name=\"twitter:label1\" content=\"Est. tempo de leitura\" \/>\n\t<meta name=\"twitter:data1\" content=\"1 minuto\" \/>\n<script type=\"application\/ld+json\" class=\"yoast-schema-graph\">{\"@context\":\"https:\/\/schema.org\",\"@graph\":[{\"@type\":\"WebPage\",\"@id\":\"https:\/\/mfmagalhaes.com.br\/localparaevento\/acomodacoes\/entrada-chacara-dos-magalhaes-guapiacu-sp\/\",\"url\":\"https:\/\/mfmagalhaes.com.br\/localparaevento\/acomodacoes\/entrada-chacara-dos-magalhaes-guapiacu-sp\/\",\"name\":\"Entrada - Ch\u00e1cara dos Magalh\u00e3es\",\"isPartOf\":{\"@id\":\"https:\/\/mfmagalhaes.com.br\/localparaevento\/#website\"},\"primaryImageOfPage\":{\"@id\":\"https:\/\/mfmagalhaes.com.br\/localparaevento\/acomodacoes\/entrada-chacara-dos-magalhaes-guapiacu-sp\/#primaryimage\"},\"image\":{\"@id\":\"https:\/\/mfmagalhaes.com.br\/localparaevento\/acomodacoes\/entrada-chacara-dos-magalhaes-guapiacu-sp\/#primaryimage\"},\"thumbnailUrl\":\"https:\/\/mfmagalhaes.com.br\/localparaevento\/wp-content\/uploads\/2026\/01\/entrada.jpeg\",\"datePublished\":\"2021-12-13T15:41:27+00:00\",\"dateModified\":\"2026-01-24T22:39:44+00:00\",\"description\":\"A entrada da Ch\u00e1cara dos Magalh\u00e3es \u00e9 um convite para usufruir da natureza do local, com diversidade de aves ex\u00f3ticas e um ambiente prop\u00edcio para relaxar\",\"breadcrumb\":{\"@id\":\"https:\/\/mfmagalhaes.com.br\/localparaevento\/acomodacoes\/entrada-chacara-dos-magalhaes-guapiacu-sp\/#breadcrumb\"},\"inLanguage\":\"pt-BR\",\"potentialAction\":[{\"@type\":\"ReadAction\",\"target\":[\"https:\/\/mfmagalhaes.com.br\/localparaevento\/acomodacoes\/entrada-chacara-dos-magalhaes-guapiacu-sp\/\"]}]},{\"@type\":\"ImageObject\",\"inLanguage\":\"pt-BR\",\"@id\":\"https:\/\/mfmagalhaes.com.br\/localparaevento\/acomodacoes\/entrada-chacara-dos-magalhaes-guapiacu-sp\/#primaryimage\",\"url\":\"https:\/\/mfmagalhaes.com.br\/localparaevento\/wp-content\/uploads\/2026\/01\/entrada.jpeg\",\"contentUrl\":\"https:\/\/mfmagalhaes.com.br\/localparaevento\/wp-content\/uploads\/2026\/01\/entrada.jpeg\",\"width\":1600,\"height\":900},{\"@type\":\"BreadcrumbList\",\"@id\":\"https:\/\/mfmagalhaes.com.br\/localparaevento\/acomodacoes\/entrada-chacara-dos-magalhaes-guapiacu-sp\/#breadcrumb\",\"itemListElement\":[{\"@type\":\"ListItem\",\"position\":1,\"name\":\"Home\",\"item\":\"https:\/\/mfmagalhaes.com.br\/localparaevento\/\"},{\"@type\":\"ListItem\",\"position\":2,\"name\":\"Informativos\",\"item\":\"https:\/\/mfmagalhaes.com.br\/localparaevento\/informativos\/\"},{\"@type\":\"ListItem\",\"position\":3,\"name\":\"Entrada\"}]},{\"@type\":\"WebSite\",\"@id\":\"https:\/\/mfmagalhaes.com.br\/localparaevento\/#website\",\"url\":\"https:\/\/mfmagalhaes.com.br\/localparaevento\/\",\"name\":\"Ch\u00e1cara dos Magalh\u00e3es\",\"description\":\"O seu local para evento e lazer\",\"publisher\":{\"@id\":\"https:\/\/mfmagalhaes.com.br\/localparaevento\/#organization\"},\"potentialAction\":[{\"@type\":\"SearchAction\",\"target\":{\"@type\":\"EntryPoint\",\"urlTemplate\":\"https:\/\/mfmagalhaes.com.br\/localparaevento\/?s={search_term_string}\"},\"query-input\":{\"@type\":\"PropertyValueSpecification\",\"valueRequired\":true,\"valueName\":\"search_term_string\"}}],\"inLanguage\":\"pt-BR\"},{\"@type\":\"Organization\",\"@id\":\"https:\/\/mfmagalhaes.com.br\/localparaevento\/#organization\",\"name\":\"Ch\u00e1cara dos Magalh\u00e3es\",\"url\":\"https:\/\/mfmagalhaes.com.br\/localparaevento\/\",\"logo\":{\"@type\":\"ImageObject\",\"inLanguage\":\"pt-BR\",\"@id\":\"https:\/\/mfmagalhaes.com.br\/localparaevento\/#\/schema\/logo\/image\/\",\"url\":\"https:\/\/mfmagalhaes.com.br\/localparaevento\/wp-content\/uploads\/2026\/01\/cropped-cropped-projeto-do-molde-do-logotipo_1222-851.jpg\",\"contentUrl\":\"https:\/\/mfmagalhaes.com.br\/localparaevento\/wp-content\/uploads\/2026\/01\/cropped-cropped-projeto-do-molde-do-logotipo_1222-851.jpg\",\"width\":512,\"height\":512,\"caption\":\"Ch\u00e1cara dos Magalh\u00e3es\"},\"image\":{\"@id\":\"https:\/\/mfmagalhaes.com.br\/localparaevento\/#\/schema\/logo\/image\/\"}}]}<\/script>\n<!-- \/ Yoast SEO plugin. -->","yoast_head_json":{"title":"Entrada - Ch\u00e1cara dos Magalh\u00e3es","description":"A entrada da Ch\u00e1cara dos Magalh\u00e3es \u00e9 um convite para usufruir da natureza do local, com diversidade de aves ex\u00f3ticas e um ambiente prop\u00edcio para relaxar","robots":{"index":"index","follow":"follow","max-snippet":"max-snippet:-1","max-image-preview":"max-image-preview:large","max-video-preview":"max-video-preview:-1"},"canonical":"https:\/\/mfmagalhaes.com.br\/localparaevento\/acomodacoes\/entrada-chacara-dos-magalhaes-guapiacu-sp\/","og_locale":"pt_BR","og_type":"article","og_title":"Entrada - Ch\u00e1cara dos Magalh\u00e3es","og_description":"A entrada da Ch\u00e1cara dos Magalh\u00e3es \u00e9 um convite para usufruir da natureza do local, com diversidade de aves ex\u00f3ticas e um ambiente prop\u00edcio para relaxar","og_url":"https:\/\/mfmagalhaes.com.br\/localparaevento\/acomodacoes\/entrada-chacara-dos-magalhaes-guapiacu-sp\/","og_site_name":"Ch\u00e1cara dos Magalh\u00e3es","article_modified_time":"2026-01-24T22:39:44+00:00","og_image":[{"width":1600,"height":900,"url":"https:\/\/mfmagalhaes.com.br\/localparaevento\/wp-content\/uploads\/2026\/01\/entrada.jpeg","type":"image\/jpeg"}],"twitter_card":"summary_large_image","twitter_misc":{"Est. tempo de leitura":"1 minuto"},"schema":{"@context":"https:\/\/schema.org","@graph":[{"@type":"WebPage","@id":"https:\/\/mfmagalhaes.com.br\/localparaevento\/acomodacoes\/entrada-chacara-dos-magalhaes-guapiacu-sp\/","url":"https:\/\/mfmagalhaes.com.br\/localparaevento\/acomodacoes\/entrada-chacara-dos-magalhaes-guapiacu-sp\/","name":"Entrada - Ch\u00e1cara dos Magalh\u00e3es","isPartOf":{"@id":"https:\/\/mfmagalhaes.com.br\/localparaevento\/#website"},"primaryImageOfPage":{"@id":"https:\/\/mfmagalhaes.com.br\/localparaevento\/acomodacoes\/entrada-chacara-dos-magalhaes-guapiacu-sp\/#primaryimage"},"image":{"@id":"https:\/\/mfmagalhaes.com.br\/localparaevento\/acomodacoes\/entrada-chacara-dos-magalhaes-guapiacu-sp\/#primaryimage"},"thumbnailUrl":"https:\/\/mfmagalhaes.com.br\/localparaevento\/wp-content\/uploads\/2026\/01\/entrada.jpeg","datePublished":"2021-12-13T15:41:27+00:00","dateModified":"2026-01-24T22:39:44+00:00","description":"A entrada da Ch\u00e1cara dos Magalh\u00e3es \u00e9 um convite para usufruir da natureza do local, com diversidade de aves ex\u00f3ticas e um ambiente prop\u00edcio para relaxar","breadcrumb":{"@id":"https:\/\/mfmagalhaes.com.br\/localparaevento\/acomodacoes\/entrada-chacara-dos-magalhaes-guapiacu-sp\/#breadcrumb"},"inLanguage":"pt-BR","potentialAction":[{"@type":"ReadAction","target":["https:\/\/mfmagalhaes.com.br\/localparaevento\/acomodacoes\/entrada-chacara-dos-magalhaes-guapiacu-sp\/"]}]},{"@type":"ImageObject","inLanguage":"pt-BR","@id":"https:\/\/mfmagalhaes.com.br\/localparaevento\/acomodacoes\/entrada-chacara-dos-magalhaes-guapiacu-sp\/#primaryimage","url":"https:\/\/mfmagalhaes.com.br\/localparaevento\/wp-content\/uploads\/2026\/01\/entrada.jpeg","contentUrl":"https:\/\/mfmagalhaes.com.br\/localparaevento\/wp-content\/uploads\/2026\/01\/entrada.jpeg","width":1600,"height":900},{"@type":"BreadcrumbList","@id":"https:\/\/mfmagalhaes.com.br\/localparaevento\/acomodacoes\/entrada-chacara-dos-magalhaes-guapiacu-sp\/#breadcrumb","itemListElement":[{"@type":"ListItem","position":1,"name":"Home","item":"https:\/\/mfmagalhaes.com.br\/localparaevento\/"},{"@type":"ListItem","position":2,"name":"Informativos","item":"https:\/\/mfmagalhaes.com.br\/localparaevento\/informativos\/"},{"@type":"ListItem","position":3,"name":"Entrada"}]},{"@type":"WebSite","@id":"https:\/\/mfmagalhaes.com.br\/localparaevento\/#website","url":"https:\/\/mfmagalhaes.com.br\/localparaevento\/","name":"Ch\u00e1cara dos Magalh\u00e3es","description":"O seu local para evento e lazer","publisher":{"@id":"https:\/\/mfmagalhaes.com.br\/localparaevento\/#organization"},"potentialAction":[{"@type":"SearchAction","target":{"@type":"EntryPoint","urlTemplate":"https:\/\/mfmagalhaes.com.br\/localparaevento\/?s={search_term_string}"},"query-input":{"@type":"PropertyValueSpecification","valueRequired":true,"valueName":"search_term_string"}}],"inLanguage":"pt-BR"},{"@type":"Organization","@id":"https:\/\/mfmagalhaes.com.br\/localparaevento\/#organization","name":"Ch\u00e1cara dos Magalh\u00e3es","url":"https:\/\/mfmagalhaes.com.br\/localparaevento\/","logo":{"@type":"ImageObject","inLanguage":"pt-BR","@id":"https:\/\/mfmagalhaes.com.br\/localparaevento\/#\/schema\/logo\/image\/","url":"https:\/\/mfmagalhaes.com.br\/localparaevento\/wp-content\/uploads\/2026\/01\/cropped-cropped-projeto-do-molde-do-logotipo_1222-851.jpg","contentUrl":"https:\/\/mfmagalhaes.com.br\/localparaevento\/wp-content\/uploads\/2026\/01\/cropped-cropped-projeto-do-molde-do-logotipo_1222-851.jpg","width":512,"height":512,"caption":"Ch\u00e1cara dos Magalh\u00e3es"},"image":{"@id":"https:\/\/mfmagalhaes.com.br\/localparaevento\/#\/schema\/logo\/image\/"}}]}},"_links":{"self":[{"href":"https:\/\/mfmagalhaes.com.br\/localparaevento\/wp-json\/wp\/v2\/product\/79","targetHints":{"allow":["GET"]}}],"collection":[{"href":"https:\/\/mfmagalhaes.com.br\/localparaevento\/wp-json\/wp\/v2\/product"}],"about":[{"href":"https:\/\/mfmagalhaes.com.br\/localparaevento\/wp-json\/wp\/v2\/types\/product"}],"replies":[{"embeddable":true,"href":"https:\/\/mfmagalhaes.com.br\/localparaevento\/wp-json\/wp\/v2\/comments?post=79"}],"wp:featuredmedia":[{"embeddable":true,"href":"https:\/\/mfmagalhaes.com.br\/localparaevento\/wp-json\/wp\/v2\/media\/1367"}],"wp:attachment":[{"href":"https:\/\/mfmagalhaes.com.br\/localparaevento\/wp-json\/wp\/v2\/media?parent=79"}],"wp:term":[{"taxonomy":"product_brand","embeddable":true,"href":"https:\/\/mfmagalhaes.com.br\/localparaevento\/wp-json\/wp\/v2\/product_brand?post=79"},{"taxonomy":"product_cat","embeddable":true,"href":"https:\/\/mfmagalhaes.com.br\/localparaevento\/wp-json\/wp\/v2\/product_cat?post=79"},{"taxonomy":"product_tag","embeddable":true,"href":"https:\/\/mfmagalhaes.com.br\/localparaevento\/wp-json\/wp\/v2\/product_tag?post=79"}],"curies":[{"name":"wp","href":"https:\/\/api.w.org\/{rel}","templated":true}]}}